{"id":153,"date":"2019-06-02T15:46:26","date_gmt":"2019-06-02T14:46:26","guid":{"rendered":"http:\/\/www.mikiyui.com\/fluxproject\/flux\/?page_id=153"},"modified":"2019-06-24T16:46:02","modified_gmt":"2019-06-24T15:46:02","slug":"the-film-o-film","status":"publish","type":"page","link":"http:\/\/www.fluxproject.net\/?page_id=153","title":{"rendered":"The film\/O filme"},"content":{"rendered":"<p><a href=\"#en\">[en]<\/a>&nbsp;\/ <a href=\"#pt\">[pt]<\/a><\/p>\n<p><a name=\"en\"><\/a><\/p>\n<p>_en<br \/>\n<strong>FLUX<\/strong><br \/>\nBrazil\/Germany, 2019, 25 min.<\/p>\n<p>The short film (25min) is a poetic essay, tracing the journey of Nathalia through the Brazilian Amazon Rainforest and her meetings with protagonists from the forest and the river. Images of the forest and the river in their infinite dimension, stories of people who live in mutual exchange with their environment, the film reflects both micro and macro view on the life within the forest, showing the intertwined ecosystem we are part of.<br \/>\nThe protagonists tell their unique stories of their lives while working strongly connected to nature. The poet on the boat explains our life emerging from the water, the meteorologist (INPA \/ Max Planck Institute) who researches at ATTO (Amazon Tall Tower Observatory) explains the cycle of water and the relation between our life and climate change from a scientific point of view. A student of UFP &#8211; Unconventional Food Plants (PANCS in Portuguese) talks about the impact of the food production and consumption in our daily life, that are inseparable from the environment.<br \/>\nAll the stories circulate around the flow of energy: the cycle of carbon and water. These elements are not only the primary source of life but also regulate the condition of the planet. The environment is a synthesis of all factors including ourselves.<br \/>\nThe film questions our view of life on this planet in its entity and invites the audience to learn about life in its true form: in flux.<\/p>\n<p><strong>Production<br \/>\n<\/strong>This film is made possible through kind support from Goethe Institute S\u00e3o Paulo, and is exhibited at Humboldtjahr 2019 &#8211; the event for 250 years anniversary of Alexander von Humboldt in Bogot\u00e1, Colombia.<br \/>\nThe collaboration has emerged after LABVERDE artistic residency in which both artist participated. It took place in Adolfo Ducke Forest Reserve in Manaus Brazil and at Rio Negro River, in August 2018. www.labverde.com<\/p>\n<p><a name=\"pt\"><\/a><\/p>\n<p>_pt<br \/>\n<strong>FLUX<\/strong><br \/>\nBrasil\/Alemanha, 2019, 25 min.<\/p>\n<p>O curta (25min) \u00e9 um ensaio po\u00e9tico, tra\u00e7ando a jornada da Nathalia pela Floresta Amaz\u00f4nica Brasileira e os encontros dela com os protagonistas da floresta e do rio. Imagens da floresta e do rio em sua dimens\u00e3o infinita, hist\u00f3rias das pessoas que vivem em um compartilhamento m\u00fatuo com o seu meio ambiente, o filme relata a vis\u00e3o macro e micro da vida na floresta, mostrando o ecossistema que todos fazemos parte.<br \/>\nOs protagonistas contam suas hist\u00f3rias \u00fanicas de vida enquanto trabalhando extremamente conectados com a natureza. O poeta no barco explica nossa vida surgindo a partir da \u00e1gua, o meteorologista (INPA \/ Max Planck Institute) que trabalha na ATTO (Torre Alta de Observa\u00e7\u00e3o da Amazonia) e explica o ciclo da \u00e1gua e a rela\u00e7\u00e3o entre nossa vida e as mudan\u00e7as clim\u00e1ticas a partir de um ponto de vista cient\u00edfico. Uma estudante do IFAM explica sobre as PANC\u2019s &#8211; Plantas Aliment\u00edcias N\u00e3o Convencionais &#8211; e o impacto da produ\u00e7\u00e3o e consumo de comida no nosso dia a dia, que \u00e9 insepar\u00e1vel do meio ambiente.<br \/>\nTodas as hist\u00f3rias circulam ao redor do fluxo de energia: o ciclo do carbono e da \u00e1gua. Esses elementos s\u00e3o n\u00e3o s\u00f3 nossa primeira fonte de vida como tamb\u00e9m regulam a condi\u00e7\u00e3o do planeta. O meio ambiente \u00e9 uma s\u00edntese de todos os fatores incluindo a n\u00f3s mesmos.<br \/>\nO filme questiona a nossa vis\u00e3o da vida neste planeta em sua entidade e convida a audi\u00eancia a aprender sobre vida na sua verdadeira forma: em fluxo.<\/p>\n<p><strong>Produ\u00e7\u00e3o<br \/>\n<\/strong>Este filme foi poss\u00edvel gra\u00e7as ao apoio do Goethe Institute S\u00e3o Paulo e est\u00e1 em exibi\u00e7\u00e3o no Humboldtjahr 2019, o evento do anivers\u00e1rio de 250 anos de Alexander von Humboldt em Bogot\u00e1, na Col\u00f4mbia.<br \/>\nA colabora\u00e7\u00e3o surgiu ap\u00f3s a resid\u00eancia do LABVERDE em que ambos os artistas participaram. A resid\u00eancia ocorreu na Reserva Florestal Adolfo Ducke, em Manaus, Brasil, com o apoio de pesquisadores do INPA &#8211; Instituto Nacional de Pesquisas da Amaz\u00f4nia e ao longo do Rio Negro, em agosto de 2018.<\/p>\n<p>&nbsp;<\/p>\n<p>&nbsp;<\/p>\n","protected":false},"excerpt":{"rendered":"<p>[en]&nbsp;\/ [pt] _en FLUX Brazil\/Germany, 2019, 25 min. The short film (25min) is a poetic essay, tracing the journey of Nathalia through the Brazilian Amazon Rainforest and her meetings with protagonists from the forest and the river. Images of the forest and the river in their infinite dimension, stories of people who live in mutual&hellip;<\/p>\n","protected":false},"author":1,"featured_media":97,"parent":0,"menu_order":0,"comment_status":"closed","ping_status":"closed","template":"","meta":{"ngg_post_thumbnail":0},"_links":{"self":[{"href":"http:\/\/www.fluxproject.net\/index.php?rest_route=\/wp\/v2\/pages\/153"}],"collection":[{"href":"http:\/\/www.fluxproject.net\/index.php?rest_route=\/wp\/v2\/pages"}],"about":[{"href":"http:\/\/www.fluxproject.net\/index.php?rest_route=\/wp\/v2\/types\/page"}],"author":[{"embeddable":true,"href":"http:\/\/www.fluxproject.net\/index.php?rest_route=\/wp\/v2\/users\/1"}],"replies":[{"embeddable":true,"href":"http:\/\/www.fluxproject.net\/index.php?rest_route=%2Fwp%2Fv2%2Fcomments&post=153"}],"version-history":[{"count":27,"href":"http:\/\/www.fluxproject.net\/index.php?rest_route=\/wp\/v2\/pages\/153\/revisions"}],"predecessor-version":[{"id":668,"href":"http:\/\/www.fluxproject.net\/index.php?rest_route=\/wp\/v2\/pages\/153\/revisions\/668"}],"wp:featuredmedia":[{"embeddable":true,"href":"http:\/\/www.fluxproject.net\/index.php?rest_route=\/wp\/v2\/media\/97"}],"wp:attachment":[{"href":"http:\/\/www.fluxproject.net\/index.php?rest_route=%2Fwp%2Fv2%2Fmedia&parent=153"}],"curies":[{"name":"wp","href":"https:\/\/api.w.org\/{rel}","templated":true}]}}